e
Let j(w) = -54*w**3 - w**2 - 6*w - 8. Let h be (-18)/8 - 63/84. Is j(h) prime?
True
Let q(o) = o**2 + 10*o + 13. Let k = -71 - -62. Let s be q(k). Is (3957/4)/(3/s) a composite number?
False
Let i = 96 + 57. Suppose -5*g - w - 4*w = 2035, -2*g - 5*w - 823 = 0. Let m = i - g. Is m a prime number?
True
Let v = -20933 - -32130. Is v a composite number?
False
Suppose 223*y - 220*y - 30102 = -3*r, -2*r = -4*y + 40154. Is y prime?
True
Let r = 79 - 8. Is r/(-6 - 39/(-6)) a composite number?
True
Let q(c) = c**3 - 7*c**2 + 6*c - 21. Let s be q(7). Let j = -17 + s. Let o(l) = 158*l + 3. Is o(j) a prime number?
False
Let v(j) = 4*j**2 + 34*j - 109. Let k(p) = -p**2 - 11*p + 36. Let h(d) = 7*k(d) + 2*v(d). Let q be (-1 + 1 - 20/(-4))*4. Is h(q) prime?
False
Suppose -48068 = 3*u - 2*x, -4*x - 48098 = 3*u - 0*x. Let v = 22805 + u. Is v a composite number?
False
Suppose -12*l - 53*l = 43*l - 2123388. Is l composite?
False
Let x be (-4798)/(-5)*60/24. Suppose 2*k = -3*k + 2*s + x, -3*k - 5*s = -1427. Is k composite?
False
Suppose 5*f + 24 = f. Let v(h) = -h**2 - 10*h - 22. Let i be v(f). Suppose -3*d + i*n + 2367 = 0, 4*d = -d + 4*n + 3947. Is d composite?
False
Suppose 14 = -6*v - 16. Let w(f) = -32*f + 18. Let k be w(v). Suppose -11*u = -9*u - k. Is u a composite number?
False
Let d(z) = -2*z**2 + 3*z + 4. Let c be 4 + 16/4 + -11. Let q be d(c). Is q/3*(3 - 6) prime?
True
Suppose -15*z = -14*z - 6. Suppose 0 = j + z*j + 735. Let g = 220 + j. Is g composite?
True
Let c = -25342 - -45339. Is c composite?
False
Let c(n) = 4*n**2 + 2*n - 5. Let z be c(-5). Let l = z - 85. Suppose 7*o + 0*o - 2667 = l. Is o prime?
False
Suppose -2*s + 5*s = 3, 5*w + 402 = 2*s. Let d = 80 + w. Is (d - 439/(-5)) + 8/(-10) composite?
True
Let j(z) = -z**2 + 3*z. Let m be j(2). Let t be ((-2)/1*m)/(9 + -11). Suppose 4*n - t*l - 1093 = 857, -950 = -2*n - 4*l. Is n composite?
True
Suppose -123*l + 122*l - 4 = 0. Let d be (-3)/12 - (-15)/l. Is (4/(d/889))/(-1) a prime number?
False
Let p(v) = 44246*v + 659. Is p(4) a prime number?
False
Suppose 1450 = -4*g - g + 5*p, -5*g - 4*p = 1441. Suppose d + 4*d - 5700 = 0. Let i = g + d. Is i composite?
True
Let b(o) = 5214*o + 1195. Is b(4) a composite number?
False
Let n(y) = -517822*y + 439. Is n(-1) a prime number?
True
Let v(h) = -220*h + 63. Is v(-3) a composite number?
True
Is (-940)/(-1410)*((-106133)/(-2) - 1) a prime number?
False
Let n = 10713 - -4520. Suppose 7507 = 4*s - n. Suppose 4*m + s = 19*m. Is m composite?
False
Let z(s) = -s**2 + 19*s - 6. Let q be z(18). Is 3182/(-8)*(q + -16) composite?
True
Let q = -50495 + 95824. Is q composite?
False
Let s(a) = -2*a**3 + 4*a**2 + 7*a + 4. Let l be s(-3). Let y = -13 - l. Let j = 243 + y. Is j a prime number?
True
Let j(l) = 5*l**2 - 9*l + 19. Let t(c) = c**3 - 4*c**2 + c - 4. Let s be t(4). Let v be 48/3 - (s - -4)/1. Is j(v) a prime number?
True
Let m = 24 + -21. Let f = -3 + m. Suppose -6*v + f*v = -9714. Is v a prime number?
True
Is 60/75 - (5 + (-42506)/5) a composite number?
True
Let o(x) = -3*x**3 - 24*x**2 + 18*x - 34. Let h be o(-20). Suppose c - h = -c - 4*v, 0 = 3*c - 4*v - 20999. Is c a prime number?
True
Suppose -205*r + 64158656 + 114179144 = 13795985. Is r prime?
True
Let u(j) = -j - 7. Let x be u(-6). Is (2 - -181) + (-3 - -2) - x a composite number?
True
Let f = -635146 + 1236365. Is f prime?
True
Suppose -7*j + 4*j + 9 = 4*h, 5*h = 0. Suppose 0 = -2*i + 3*d + 1034, -4*d + 2608 = 5*i - 0*i. Let f = i - j. Is f prime?
False
Suppose 4*k - 972916 = -4*h, -4*h - 9236 + 495698 = 2*k. Is k a composite number?
False
Let o be 1757/(2/9 - (-1232)/(-6192)). Suppose -o - 307354 = -45*y. Is y a composite number?
True
Suppose 3*m + 3 = z, 2*z - 4*m = 4 + 2. Let q(v) be the third derivative of 14*v**6/15 - v**5/15 + v**4/6 - v**3/6 - 2*v**2 - 19. Is q(z) prime?
True
Suppose -2 = 3*d - 8. Let h be ((-26130)/(-25) - -2)/((-47)/(-235)). Suppose -x + 1567 + h = o, 5*o = -d*x + 34015. Is o composite?
False
Suppose 0 = 4*c - 2*d - 2218, -9*c + 10*c - 547 = 2*d. Is c composite?
False
Let b(q) = 44*q**2 + 19*q - 14. Let w be b(20). Suppose 4*g = 5*k + 3*g - w, -2*k + 7185 = g. Is k a prime number?
True
Suppose -v + 1 = 0, v - 56 - 195 = -5*l. Let w = -45 + l. Suppose -f - 2399 = -3*a - 3*f, -5*f - 3965 = -w*a. Is a a prime number?
True
Let r(n) = -61*n + 32. Let m(v) = -2*v**3 - 20*v**2 + 9. Let t be m(-10). Suppose -15*y - 30 = -t*y. Is r(y) a composite number?
False
Suppose 3*k - 432897 = 2*k - 93820. Is k a composite number?
True
Suppose 0*q + 5*m + 5725 = 5*q, 2*q - 2260 = -4*m. Is 6/((-24)/(-4)) + q a prime number?
False
Let c be (-14118)/(-8) - 38/(-152). Let k = -944 + c. Is k a composite number?
False
Let r = -30 + 33. Let i = 3 + 293. Suppose i = u + r. Is u a prime number?
True
Let a = -9583 - -20496. Let c = a - 7422. Is c prime?
True
Let k(i) = 16998*i**3 - i**2 - 5*i + 5. Is k(1) prime?
False
Suppose 13*w - 81 = 10. Suppose 0 = w*o - 22019 + 3441. Is o a composite number?
True
Let x(t) = t**3 - t + 220. Let n be x(0). Suppose -c = n + 213. Let a = c + 1400. Is a prime?
True
Let p(k) = 223*k**2 - 10*k - 14. Let q(n) = n**2 - 15*n - 36. Let c be q(17). Is p(c) a composite number?
True
Let y = 18778 - -23281. Is y prime?
False
Suppose -5*i + 4*l + 47471 = 0, -5062 = -4*i + l + 32906. Is i a prime number?
True
Is 5265840/75 - 1/5 a prime number?
False
Let u be (11 - (3 - (1 - 1))) + 0. Suppose 24*f = 16*f + 50120. Suppose -f = u*k - 29889. Is k composite?
False
Let u(m) be the first derivative of 4*m**3 - 3*m**2 + 11*m + 184. Is u(10) prime?
True
Suppose h - 2*q - 66230 = 104513, -5*h - 5*q = -853700. Is h a prime number?
True
Let p(t) = 56*t**2 - 1411*t - 113. Is p(-56) composite?
False
Let o = 391 + -372. Suppose 159181 = o*z - 8*z. Is z composite?
True
Suppose 0*o + 3*o = 5*v - 14223, -3*v + 8545 = o. Let f = v - -790. Is f composite?
False
Suppose 294 = 5*o - 4*o. Let l = o + -1208. Let p = l + 1537. Is p composite?
True
Suppose 4*i = -3*w + 118067, -i = -3*w - 3*i + 118075. Is w a prime number?
False
Let v = 2172638 + -1203481. Is v composite?
True
Let f = 10304 + -6786. Is f a composite number?
True
Suppose 0 = a + 1755*g - 1759*g - 480249, 2*g - 480291 = -a. Is a composite?
True
Suppose -1654 = 17*f + 488. Is (-79894)/(-6) - f/(-189) prime?
False
Let f(j) = 318*j - 39 + 12 + 759*j. Is f(2) a composite number?
True
Let h(y) be the third derivative of 19*y**2 - 25/6*y**3 + 0 + 1/120*y**6 - 7/15*y**5 + 0*y + 13/12*y**4. Is h(28) prime?
False
Suppose -3*h + k + 358772 + 658582 = 0, 339113 = h - 2*k. Is h prime?
False
Suppose -522801 = 20*g - 2976061. Is g a prime number?
True
Let c(v) = -390*v + 6275*v**2 + 3218*v**2 + 392*v - 2 + 2. Is c(-1) composite?
False
Let f = 80 - 67. Suppose 26*n - f*n = 28691. Is n a composite number?
False
Suppose -3*b = 2*b - 55. Let g(h) = 10*h - 33. Let r(p) = 9*p - 24. Let m(i) = -5*g(i) + 6*r(i). Is m(b) a prime number?
False
Let g = -275 + 275. Let s(n) = n**2 - 7*n + 562. Is s(g) a composite number?
True
Let q(h) be the first derivative of -14*h**3/3 + 37*h**2/2 - 20*h - 21. Let x(s) be the first derivative of q(s). Is x(-10) a prime number?
True
Let v(k) = -326*k - 388*k - 252*k - 597*k + 258*k + 101. Is v(-16) a composite number?
False
Suppose -c + 10*t + 250256 = 7*t, -t + 2252276 = 9*c. Is c prime?
True
Let q = -1418027 + 4297390. Is q a prime number?
True
Suppose m + 90718 = 13*b - 8*b, 72566 = 4*b + 2*m. Is b prime?
True
Let r(b) = -b**3 - 4*b**2 + 2*b - 12. Let h be r(-5). Let y(f) = 112*f**2 + 10*f - 9. Let k be y(-7). Suppose h*s = x - 1079, -2*s - k = -5*x - s. Is x prime?
False
Let p be (7 + 87)*5/10. Suppose p*x - 148 = -k + 48*x, -x = k - 142. Is k prime?
False
Suppose -4*u - 1213170 = -3*y, -u + 1556559 + 465460 = 5*y. Is y prime?
False
Suppose v - i - 4 = 0, -2*v + i + 0*i = -10. Is (-3 + 21237)/v*2/1 prime?
False
Suppose -12 = -7*g + 3*g. Suppose -2*p + 14 - 2 = g*r, 2*p - 20 = -r. Is p/(-21)*3738/(-12) a prime number?
False
Let y(w) = 888*w**3 + 20*w**2 - 62*w - 47. Is y(5) a composite number?
False
Suppose 137909 = y - 63*d + 68*d, -d = -y + 137909. Is y a prime number?
True
Suppose 14*f - 4*j + 237080 = 18*f, 0 = -3*f + j + 177782. Is f a composite number?
False
Let n = -159 + 168. Let m(k) = 19*k**3 + 7*k**2 - 7*k + 1